10.
3
Convert -94 (base 12) to base 3.
-11011
21 (base 8) to base 12
15
Convert 7 (base 10) to base 8.
7
Convert 251 (base 6) to base 4.
1213
1a4 (base 13) to base 5
2203
What is -17 (base 11) in base 16?
-12
Convert 44 (base 5) to base 16.
18
What is -1 (base 8) in base 11?
-1
-6 (base 12) to base 8
-6
21 (base 6) to base 11
12
What is 10 (base 3) in base 11?
3
What is -4e (base 15) in base 4?
-1022
Convert 71 (base 9) to base 2.
1000000
Convert 1201 (base 5) to base 15.
bb
-252 (base 7) to base 6
-343
Convert 1224 (base 5) to base 13.
117
Convert 3 (base 9) to base 12.
3
Convert -40 (base 10) to base 5.
-130
11210 (base 3) to base 4
2001
-2 (base 16) to base 4
-2
1 (base 10) to base 6
1
Convert -33 (base 5) to base 8.
-22
21 (base 5) to base 4
23
Convert 102 (base 3) to base 11.
10
-9c (base 15) to base 9
-173
What is 4 (base 10) in base 9?
4
What is 69 (base 16) in base 10?
105
Convert 3 (base 15) to base 6.
3
What is 13 (base 4) in base 12?
7
Convert -1f (base 16) to base 15.
-21
What is -6 (base 14) in base 3?
-20
What is -2 (base 9) in base 2?
-10
-4 (base 8) to base 9
-4
Convert 5 (base 9) to base 14.
5
What is 127 (base 11) in base 9?
176
Convert -2 (base 7) to base 14.
-2
Convert 11010101 (base 2) to base 5.
1323
Convert -1401 (base 5) to base 16.
-e2
What is 214 (base 5) in base 10?
59
120 (base 4) to base 15
19
What is 4 (base 12) in base 15?
4
What is 4d (base 16) in base 6?
205
Convert 26 (base 9) to base 16.
18
1140 (base 6) to base 13
183
21 (base 3) to base 14
7
22 (base 11) to base 4
120
-100 (base 5) to base 7
-34
2 (base 9) to base 4
2
Convert 89 (base 11) to base 15.
67
2 (base 8) to base 2
10
-14 (base 9) to base 10
-13
What is 10 (base 3) in base 12?
3
Convert 19 (base 11) to base 3.
202
a (base 15) to base 13
a
Convert -11 (base 2) to base 6.
-3
2 (base 12) to base 15
2
-2d (base 14) to base 6
-105
Convert 27 (base 10) to base 15.
1c
What is -3 (base 4) in base 9?
-3
What is -112 (base 9) in base 10?
-92
Convert -276 (base 8) to base 9.
-231
Convert 6 (base 15) to base 5.
11
Convert 100 (base 2) to base 13.
4
What is -11 (base 8) in base 4?
-21
What is 423 (base 5) in base 4?
1301
What is -17 (base 14) in base 16?
-15
Convert 1e (base 15) to base 12.
25
What is 1 (base 3) in base 10?
1
-63 (base 8) to base 11
-47
2 (base 6) to base 3
2
What is 1022 (base 3) in base 2?
100011
-165 (base 10) to base 5
-1130
Convert 1001 (base 3) to base 9.
31
7 (base 11) to base 13
7
3 (base 11) to base 14
3
What is -10 (base 8) in base 6?
-12
What is -3 (base 15) in base 16?
-3
-130 (base 5) to base 14
-2c
Convert 117 (base 11) to base 15.
94
Convert 10 (base 2) to base 11.
2
1010 (base 2) to base 13
a
Convert 5 (base 12) to base 2.
101
What is 3 (base 7) in base 6?
3
What is -5 (base 6) in base 3?
-12
What is -158 (base 11) in base 6?
-504
-8 (base 14) to base 16
-8
What is 0 (base 5) in base 11?
0
What is 13 (base 9) in base 14?
c
Convert 13 (base 6) to base 11.
9
What is 11032 (base 4) in base 3?
110101
Convert -12 (base 3) to base 5.
-10
59 (base 14) to base 2
1001111
What is 19 (base 11) in base 13?
17
Convert -110111 (base 2) to base 14.
-3d
-2 (base 14) to base 9
-2
-22222 (base 3) to base 7
-464
What is 202 (base 4) in base 8?
42
What is 4 (base 10) in base 14?
4
What is -1ab (base 13) in base 15?
-15a
-38 (base 13) to base 9
-52
Convert 4 (base 11) to base 8.
4
What is 4 (base 11) in base 2?
100
Convert -4 (base 13) to base 4.
-10
4 (base 9) to base 7
4
Convert -222 (base 4) to base 5.
-132
2 (base 11) to base 4
2
3 (base 16) to base 14
3
What is 11100 (base 2) in base 7?
40
Convert 2 (base 3) to base 14.
2
24 (base 6) to base 2
10000
-98 (base 10) to base 16
-62
Convert 331 (base 4) to base 7.
115
Convert 10 (base 10) to base 7.
13
Convert -11b (base 14) to base 3.
-22012
Convert -2113 (base 4) to base 13.
-b8
What is 82 (base 15) in base 13?
95
What is 0 (base 11) in base 2?
0
-8 (base 15) to base 10
-8
-80 (base 13) to base 6
-252
What is -14b (base 12) in base 13?
-128
Convert -6 (base 15) to base 9.
-6
What is 15 (base 8) in base 5?
23
-73 (base 10) to base 13
-58
What is 10022 (base 3) in base 4?
1121
1 (base 13) to base 14
1
What is -24 (base 6) in base 2?
-10000
What is -4a (base 15) in base 11?
-64
Convert -29 (base 16) to base 6.
-105
Convert 9 (base 11) to base 8.
11
What is 10 (base 3) in base 2?
11
Convert 24 (base 6) to base 12.
14
24 (base 5) to base 16
e
Convert -23 (base 4) to base 8.
-13
-101 (base 5) to base 8
-32
Convert 102 (base 4) to base 14.
14
Convert 79 (base 10) to base 14.
59
What is -1 (base 16) in base 11?
-1
-4 (base 7) to base 16
-4
What is 69 (base 11) in base 12?
63
What is -201 (base 3) in base 15?
-14
What is -3 (base 5) in base 13?
-3
What is -422 (base 6) in base 11?
-134
-31 (base 9) to base 11
-26
What is 0 (base 10) in base 5?
0
Convert -a (base 13) to base 15.
-a
4 (base 9) to base 6
4
What is -217 (base 9) in base 10?
-178
What is 3 (base 5) in base 2?
11
Convert -6 (base 12) to base 7.
-6
-11 (base 13) to base 4
-32
What is -4 (base 7) in base 9?
-4
What is 0 (base 8) in base 5?
0
What is 122 (base 3) in base 9?
18
What is 70 (base 15) in base 6?
253
-10 (base 2) to base 16
-2
What is 3 (base 5) in base 12?
3
What is 2 (base 7) in base 15?
2
Convert 157 (base 14) to base 13.
180
Convert 43 (base 6) to base 2.
11011
What is -41 (base 6) in base 7?
-34
What is -4 (base 8) in base 7?
-4
-4 (base 8) to base 6
-4
Convert -1 (base 7) to base 12.
-1
What is 11 (base 2) in base 9?
3
Convert 166 (base 12) to base 15.
ec
-6 (base 16) to base 13
-6
Convert 10102 (base 3) to base 11.
84
Convert 6b (base 13) to base 10.
89
10010 (base 2) to base 9
20
4 (base 13) to base 3
11
What is 22 (base 6) in base 15?
e
What is -1 (base 12) in base 14?
-1
What is 128 (base 13) in base 4?
3023
62 (base 11) to base 3
2112
Convert -1 (base 9) to base 7.
-1
Convert 110 (base 2) to base 4.
12
-42 (base 13) to base 8
-66
Convert -3 (base 11) to base 4.
-3
-9 (base 15) to base 10
-9
What is 1 (base 6) in base 5?
1
Convert -3 (base 5) to base 4.
-3
What is 2 (base 5) in base 2?
10
What is 0 (base 5) in base 8?
0
48 (base 13) to base 12
50
What is -6 (base 7) in base 14?
-6
What is 1101 (base 2) in base 9?
14
Convert -6 (base 16) to base 2.
-110
Convert -9e (base 16) to base 8.
-236
Convert 3 (base 14) to base 5.
3
0 (base 9) to base 5
0
7 (base 14) to base 16
7
-31 (base 14) to base 8
-53
102 (base 10) to base 16
66
Convert -122 (base 7) to base 4.
-1001
What is -54 (base 9) in base 13?
-3a
What is -1 (base 9) in base 6?
-1
What is -6 (base 8) in base 9?
-6
Convert 1 (base 13) to base 16.
1
What is -3 (base 11) in base 8?
-3
What is -41 (base 9) in base 7?
-52
-212 (base 6) to base 9
-88
What is 94 (base 10) in base 9?
114
Convert 0 (base 14) to base 9.
0
What is -49 (base 12) in base 15?
-3c
1 (base 3) to base 16
1
What is 220 (base 6) in base 14?
60
-1423 (base 5) to base 6
-1034
10 (base 5) to base 14
5
What is -1 (base 16) in base 9?
-1
What is -123 (base 8) in base 3?
-10002
Convert -3 (base 15) to base 2.
-11
-2 (base 15) to base 12
-2
Convert 24 (base 11) to base 14.
1c
What is -1 (base 2) in base 6?
-1
Convert -1 (base 9) to base 7.
-1
3 (base 7) to base 2
11
What is -3 (base 7) in base 12?
-3
What is -3 (base 10) in base 11?
-3
Convert -41 (base 9) to base 8.
-45
Convert -3 (base 9) to base 5.
-3
19 (base 15) to base 16
18
3 (base 14) to base 10
3
What is 1 (base 2) in base 15?
1
What is 114 (base 6) in base 12?
3a
What is 1111 (base 3) in base 2?
101000
What is 142 (base 6) in base 3?
2022
What is -5 (base 8) in base 11?
-5
-65 (base 15) to base 11
-87
Convert -15 (base 6) to base 3.
-102
What is 4 (base 6) in base 16?
4
Convert -4 (base 10) to base 8.
-4
What is -136 (base 7) in base 5?
-301
-11 (base 5) to base 9
-6
What is -125 (base 9) in base 15?
-6e
Convert 4 (base 5) to base 8.
4
What is -152 (base 8) in base 3?
-10221
3 (base 4) to base 8
3
Convert 42 (base 5) to base 8.
26
Convert 11 (base 6) to base 8.
7
Convert 4 (base 14) to base 15.
4
Convert -1001 (base 2) to base 12.
-9
14 (base 7) to base 4
23
Convert -4 (base 7) to base 10.
-4
Convert 89 (base 12) to base 15.
70
What is 14c (base 14) in base 8?
410
4 (base 6) to base 3
11
What is -115 (base 9) in base 3?
-10112
Convert -7 (base 16) to ba